 and 422478?
63
What is the greatest common factor of 4 and 465397588?
4
What is the greatest common divisor of 9761 and 6367577?
227
What is the greatest common factor of 312 and 3251222?
26
Calculate the highest common factor of 17951790 and 829830.
5970
What is the greatest common divisor of 1826145 and 6885?
405
What is the highest common divisor of 38869 and 29657?
47
Calculate the greatest common divisor of 14490 and 430330.
230
What is the highest common divisor of 54537770 and 210?
70
What is the highest common divisor of 712595 and 130?
65
What is the highest common divisor of 341419429 and 46?
23
Calculate the greatest common divisor of 27324 and 198352.
1012
Calculate the greatest common factor of 137379 and 9735.
33
What is the greatest common factor of 460 and 25151236?
92
What is the highest common divisor of 1431 and 366568935?
159
Calculate the highest common factor of 22334028 and 14190.
258
What is the highest common divisor of 75420570 and 15?
15
Calculate the highest common factor of 269 and 6135083.
269
Calculate the greatest common divisor of 226773 and 119178.
27
What is the greatest common divisor of 1275 and 613989?
51
What is the highest common divisor of 34375150 and 6525?
725
Calculate the highest common divisor of 898221216 and 3810.
762
Calculate the greatest common divisor of 67411576 and 72.
8
Calculate the highest common divisor of 50 and 178525850.
50
What is the highest common divisor of 559 and 4673981?
13
Calculate the greatest common divisor of 78 and 8641074.
78
What is the highest common divisor of 339327 and 6105?
111
What is the highest common divisor of 24555787 and 13529?
163
What is the highest common divisor of 74 and 16178?
2
What is the greatest common divisor of 523375 and 4402975?
1325
Calculate the greatest common divisor of 102348 and 139905.
9
Calculate the highest common divisor of 538968208 and 16.
16
Calculate the greatest common factor of 207 and 19659663.
9
What is the greatest common divisor of 136369 and 155131?
53
Calculate the greatest common divisor of 174 and 88659003.
87
What is the greatest common divisor of 75707655 and 426?
213
What is the highest common divisor of 4352 and 16030456?
136
What is the highest common divisor of 1902972 and 7200?
12
Calculate the greatest common divisor of 153 and 9534824.
17
What is the greatest common factor of 883 and 1023148877?
883
What is the highest common factor of 1569 and 4677?
3
Calculate the greatest common factor of 45052735 and 175.
35
What is the greatest common divisor of 90 and 3517845?
15
Calculate the highest common factor of 2615 and 2309045.
2615
What is the highest common factor of 3080 and 39037460?
1540
Calculate the greatest common factor of 1408 and 168082816.
1408
What is the highest common factor of 371475 and 20103525?
2925
What is the greatest common factor of 531 and 16812876?
177
What is the greatest common factor of 792647842 and 1162?
1162
What is the highest common factor of 7 and 87829392?
7
Calculate the greatest common factor of 712231639 and 92.
23
Calculate the highest common factor of 88008 and 38152.
152
Calculate the highest common divisor of 54 and 999011934.
54
Calculate the greatest common divisor of 1636408 and 64.
8
Calculate the greatest common factor of 146753016 and 48.
24
What is the highest common divisor of 19410 and 28730?
10
Calculate the highest common divisor of 2542 and 7640229.
31
What is the greatest common factor of 112 and 9730819?
7
Calculate the highest common divisor of 28 and 591926174.
14
What is the highest common factor of 416 and 92548586?
26
What is the greatest common factor of 186 and 6019539?
3
What is the highest common factor of 71462115 and 1080?
135
Calculate the highest common divisor of 200 and 3656440.
40
What is the greatest common factor of 26335895 and 3875?
155
What is the highest common factor of 235019 and 1628599?
1181
What is the highest common factor of 17397 and 133074?
9
Calculate the greatest common factor of 2356 and 1700443.
589
What is the greatest common factor of 1998 and 2663820?
54
What is the highest common factor of 234078 and 858?
78
What is the greatest common factor of 5625 and 10656?
9
Calculate the greatest common factor of 41722344 and 46928.
3352
What is the highest common divisor of 667 and 15707275?
23
Calculate the greatest common factor of 351064640 and 960.
320
What is the greatest common factor of 3286654020 and 477?
477
Calculate the highest common factor of 2483 and 429559.
2483
Calculate the greatest common factor of 254 and 48375697.
127
What is the greatest common factor of 292673005 and 223?
223
What is the greatest common factor of 4797324 and 2?
2
Calculate the greatest common factor of 164592 and 1808.
16
Calculate the highest common factor of 13642275 and 75.
75
Calculate the greatest common divisor of 54 and 16466940.
18
What is the highest common divisor of 42645182 and 892?
446
What is the greatest common factor of 4395 and 274273491?
879
Calculate the highest common divisor of 22 and 220660759.
11
Calculate the greatest common divisor of 537009 and 759.
33
Calculate the highest common divisor of 826389 and 95504.
127
What is the greatest common divisor of 6336 and 1137312?
3168
Calculate the highest common divisor of 395 and 61786295.
395
What is the greatest common divisor of 150256 and 26914606?
18782
Calculate the highest common factor of 688 and 90947408.
688
Calculate the highest common factor of 47376530 and 16745.
985
Calculate the highest common divisor of 389191999 and 1343.
1343
Calculate the highest common factor of 4587078 and 46848.
366
Calculate the highest common divisor of 146467542 and 621.
69
Calculate the highest common factor of 37637040 and 2709.
903
What is the greatest common factor of 388 and 155394?
194
What is the greatest common divisor of 365600983 and 627?
209
What is the highest common factor of 231707484 and 68?
68
What is the greatest common factor of 2515777 and 176?
11
What is the greatest common divisor of 292008 and 54456?
24
Calculate the greatest common divisor of 6754859 and 269.
269
Calculate the greatest common divisor of 272 and 6846002.
34
What is the highest common factor of 54745038 and 54?
54
Calculate the greatest common factor of 5381948 and 624.
52
What is the greatest common factor of 169 and 55780309?
169
What is the greatest common divisor of 7160 and 33046622?
358
Calculate the greatest common factor of 72575 and 5402483.
2903
What is the highest common factor of 68398294 and 344?
86
Calculate the highest common divisor of 418 and 318233641.
209
What is the greatest common divisor of 16842779 and 329?
47
Calculate the highest common divisor of 15 and 165677760.
15
What is the highest common divisor of 573777 and 6615?
27
Calculate the highest common divisor of 26373 and 1329093.
177
What is the greatest common divisor of 17984564 and 648223?
2071
What is the greatest common divisor of 5884718 and 722?
38
What is the highest common divisor of 2064 and 8658308?
172
What is the highest common factor of 143441 and 246008?
191
What is the greatest common factor of 650598 and 3783?
39
Calculate the greatest common factor of 27 and 851304078.
9
Calculate the greatest common divisor of 801452 and 12.
4
What is the highest common factor of 9968354 and 10?
2
Calculate the highest common divisor of 1318611 and 35.
7
Calculate the highest common factor of 49148990 and 3020.
1510
Calculate the highest common factor of 764381868 and 564.
564
Calculate the highest common factor of 336069 and 301033.
461
Calculate the highest common factor of 62373588 and 77244.
1884
What is the greatest common divisor of 1525 and 270596?
61
What is the greatest common factor of 45445541 and 1793?
163
Calculate the highest common divisor of 1098807263 and 932.
233
What is the highest common factor of 1497817495 and 86?
43
Calculate the greatest common factor of 2234920 and 17993.
947
Calculate the greatest common divisor of 28544 and 968712.
1784
What is the greatest common divisor of 37386204 and 1370?
274
Calculate the highest common factor of 23218 and 74404.
38
Calculate the highest common divisor of 19965 and 1035112045.
6655
What is the greatest common factor of 124363014 and 74352?
9294
W